7192 + -1817. What is the tens digit of h?
7
Suppose -29448 = -12*u + 8*u - 2*n, 5*u + 3*n = 36809. What is the units digit of u?
3
Let w(o) = o**3 - o**2 - o. Let g(h) = 5*h**3 - 23*h**2 - 10*h - 36. Let l(q) = -g(q) + 6*w(q). Let k be l(-17). What is the units digit of ((-231)/2)/(24/k)?
4
Suppose 5*s - s = -4*j + 12, 0 = -4*s + 4*j + 4. Suppose -3*b + 3*p + 1170 = 0, 770 = s*b - 3*p + 6*p. What is the hundreds digit of b?
3
Let v = 28357 - 14288. What is the thousands digit of v?
4
Let k = 239 - 234. What is the tens digit of (0 - k) + 548 + -2?
4
Let u(v) = 10*v - 72. Let a be u(8). Suppose 2*z - 4*o = 809 + 13, -4*o = -a. What is the units digit of z?
5
Suppose 57*a - 62*a + 4149 = -11606. What is the tens digit of a?
5
Let v = 8131 + -4880. What is the tens digit of v?
5
Suppose 3*z - 5*y - 244 - 195 = 0, -2*z + y + 281 = 0. Let f = 0 + z. What is the units digit of f?
8
Let y(q) = 511*q - 2805. What is the hundreds digit of y(35)?
0
Let m = 237 - 35. Let h = -94 - 9. Let z = h + m. What is the units digit of z?
9
What is the units digit of (-4 + 760/(-32))*(-1584)/27?
8
Suppose -4 - 38 = -7*m. Suppose j - g = -m, -4*g - g + 27 = -2*j. What is the tens digit of -3 - (0 - j)*-111?
0
Suppose -5*c + 105239 - 12694 = 5*j, j = 2*c + 18509. What is the units digit of j?
9
Let y = 7526 - 6923. What is the units digit of y?
3
Let h(z) = 78 + 19*z - 10*z + 14*z. What is the tens digit of h(18)?
9
Let m be (-5914)/(-4) + 47/94. Suppose 12 = -4*n, 31*l - 34*l - 4*n + m = 0. What is the units digit of l?
7
What is the units digit of (-720518)/1132*(-70 + 0/2)?
5
Let n(x) = -x**3 - 15*x**2 + 17*x + 32. Let c be n(-16). Suppose 11*w = c*w - 90. Suppose -w + 59 = r. What is the units digit of r?
1
Suppose 468 = 3*k + 3*l, -5*l = 2*k - 400 + 91. Suppose -150*a - 3297 = -k*a. What is the tens digit of a?
7
Let b(z) = 3*z - 18. Let l be b(9). Suppose 14*i = 2*g + l*i - 456, -2*g = -2*i - 444. What is the tens digit of g?
1
Suppose -4*m + 5 = -7. Suppose d - 65 = -m*v, 2*v - 5*v - 35 = -d. Suppose -49*k - d = -50*k. What is the tens digit of k?
5
Let x(c) be the first derivative of -c**3/3 - 9*c**2/2 - 11*c - 2. Let a be x(-7). Suppose -187 = -a*p - 61. What is the tens digit of p?
4
Let z = 102097 + -59267. What is the units digit of z?
0
Suppose -816 - 184 = -m. Let n = 1641 - m. What is the tens digit of n?
4
Let m(v) = 2*v**2 - 21*v + 43. Let i = -46 - -61. What is the hundreds digit of m(i)?
1
Let r(i) = i**2 - 4*i + 17. Let h(y) = 2*y**2 - 8*y + 35. Let j(d) = 4*h(d) - 9*r(d). Let w be j(6). What is the tens digit of 1872/15 - ((-30)/w)/(-6)?
2
Let n(c) = 7*c**3 - 3*c**2 + 19. What is the hundreds digit of n(5)?
8
Suppose 11*t = 7*t + 4712. Suppose 5*n - 187 = t. What is the hundreds digit of n?
2
Suppose -5*a - 8190 = -26*a. Suppose 2*l + 8 = 2, 5*c + 2*l = 14. Suppose 0 = c*h + y - 312, 0*h - a = -5*h - 3*y. What is the tens digit of h?
7
Suppose -5*q + 343 + 2432 = 0. Let c = -25 + q. What is the units digit of c?
0
Let v(i) = -8*i + 98. Let b be v(-17). Let f be (298/(-4))/(-1)*-2. Let a = b + f. What is the tens digit of a?
8
Let y be ((-36)/(-8) + -6)/(2/(-4)). Let b(d) = 10*d + 10. Let p(k) = -31*k - 30. Let i(n) = y*p(n) + 8*b(n). What is the hundreds digit of i(-16)?
1
Suppose -5*g - 346 = 5*q - 35201, 0 = q + 2*g - 6969. What is the tens digit of q?
7
Suppose 1 = 4*y + 3*b, 19 = 28*y - 30*y + 5*b. What is the hundreds digit of y - (2 + -8) - (-251)/1?
2
Suppose -88149 = -19*i + 224249. What is the ten thousands digit of i?
1
Let r = 2539 - 1435. Suppose -3*a + 168 = -r. Suppose -2*k + a = 6*k. What is the units digit of k?
3
Let o(k) be the second derivative of -151*k**3/6 - 267*k**2/2 - 155*k. What is the tens digit of o(-6)?
3
Suppose -59313 = -21*b + 19*b + 3*x, 0 = 12*x + 60. What is the ten thousands digit of b?
2
Suppose -2*z = -5*w - 22942, -z + 3085 = 3*w - 8364. What is the thousands digit of z?
1
Suppose -8*v = -730 + 58. Suppose -s = -n + v + 10, -3*s = n - 110. What is the tens digit of n?
9
Let k(n) = -2*n**3 + 44*n**2 + 2*n - 39. Let c be k(22). What is the hundreds digit of c/(-6) + -6 + 122447/78?
5
Let f = 19663 - 5139. What is the tens digit of f?
2
Let m(l) = -16*l**3 - l**2 - 15*l - 36. What is the hundreds digit of m(-7)?
5
Let n(b) = 2*b**2 - 18*b - 8. Let s be n(10). What is the units digit of (7 + -16)*(-908)/s?
1
Suppose 0 = 3*x + 3*q - 3303, -22*x = -18*x + 3*q - 4403. What is the hundreds digit of x?
1
Let h(n) be the third derivative of n**6/120 - n**5/6 + n**4/24 - 4*n**3/3 - 3*n**2. Let a be h(10). Suppose 0 = c + a*c - 18. What is the units digit of c?
6
Let n(x) = 12*x**3 + 5*x**2 + x - 4. Let j be n(-2). Let t = j - 14. Let i = t + 200. What is the hundreds digit of i?
1
Let i(w) = 17*w**3 + 47*w**2 + 12*w - 12. Let g(m) = 11*m**3 + 31*m**2 + 8*m - 8. Let y(d) = -8*g(d) + 5*i(d). What is the thousands digit of y(-9)?
1
Suppose 0 = 5*n - 104 - 66. Let y = n + 77. What is the units digit of y?
1
What is the hundreds digit of (10/8 - 1) + (-13698)/(-24)?
5
Let b(t) = -60 + 33 - 69 - 40 - 192*t + 136*t. What is the hundreds digit of b(-17)?
8
Let l(u) = -6*u + 11. Let t(f) = 7*f - 11. Let n(v) = -5*l(v) - 6*t(v). Let r be (-2)/(-3)*(-9)/(3/1). What is the units digit of n(r)?
5
Let t(u) = 41*u**3 + 8*u**2 + 117*u - 645. What is the tens digit of t(5)?
6
Suppose -4*j - 60 = -10*j. Suppose -5*g = -3*z - 12, -2*g + 5*z + j = -10. Suppose -2*m + 31 + 21 = g. What is the tens digit of m?
2
Let m(q) = q**2 - 26*q + 162. Let i be m(14). What is the units digit of (i/4)/(4/(-912))?
2
Let v(a) = -3*a - 2*a - 20*a + 3 + 5*a. What is the units digit of v(-3)?
3
Let k = -13 - -53. Let i = 42 - k. Suppose 3*x + i*x = -y + 56, -56 = -y + 2*x. What is the tens digit of y?
5
Suppose 5*y - 161 = 4*y + i, i + 493 = 3*y. Suppose 0*r = -6*r - 360. Let l = r + y. What is the units digit of l?
6
Suppose -18823 - 3398 = -9*s. Let a = -1764 + s. What is the tens digit of a?
0
Let c(x) = -74*x**2 + 14*x + 17. Let h be c(-4). Let r = -837 - h. What is the units digit of r?
6
Let r(b) = -23*b**3 + 11*b**2 + 30*b + 317. What is the hundreds digit of r(-10)?
1
Let c = 37455 + -30493. What is the hundreds digit of c?
9
Let o be 2/10 + (-7996)/(-20). Let p = -214 + 229. Suppose 0 = 11*r - p*r + o. What is the hundreds digit of r?
1
Let y(f) = 2130 - 42*f - 4129 + 2172. What is the tens digit of y(-25)?
2
Let f(q) = -14*q**3 + 8*q**2 - 30*q - 26. Let l(j) = -16*j**3 + 9*j**2 - 33*j - 26. Let i(n) = 5*f(n) - 4*l(n). What is the thousands digit of i(-6)?
1
Let c(m) = 13*m + 36. Let y be c(-3). Let f(k) = 2*k**2 + 5*k + 11. What is the tens digit of f(y)?
1
Let f(s) = 1837*s + 10. Let b be f(1). Let m = -178 + b. What is the thousands digit of m?
1
Let p(j) = -34*j - 104. Let n be p(-3). What is the hundreds digit of (n - -1)/(8*(-3)/23976)?
9
Suppose 2*o - 11*o = 0. Suppose z = -r + 42, 2*z - 64 = -2*r + 5*r. Suppose o*a + a - z = 0. What is the units digit of a?
8
Suppose 4*d + 624 = 4*t, 0 = -5*d + 2*t - 899 + 116. Suppose 50 + 36 = 2*h. Let v = h - d. What is the units digit of v?
0
Suppose -60791 - 305738 = -19*a. What is the units digit of a?
1
Suppose 3*b + 8 = -5*n - 26, -2*n - 7 = -b. Let o be 9/((-108)/8)*b. Suppose o*f = 0, 2*m - f + 64 = 4*m. What is the units digit of m?
2
Let v = -15980 - -45125. What is the tens digit of v?
4
Let b = 12656 - -15972. What is the ten thousands digit of b?
2
Suppose -2*o - 2*u + 115 = -7*u, u - 215 = -3*o. Suppose -9*s = 6*s + 315. Let v = o + s. What is the units digit of v?
9
Suppose 4 = 164*b - 162*b. Suppose -b*m = -627 - 149. What is the hundreds digit of m?
3
Let j = 83 - 78. Suppose -5*p = -2*o + 2118, -j*o = 3*p + p - 5361. What is the hundreds digit of o?
0
Let l be (10 + -3)*(-1084)/(-14). Let o = l - -66. What is the tens digit of o?
0
Suppose k - 31 = 2*v + 6*k, 2*k + 10 = 0. Let f(s) = 14*s**2 - 5*s - 15. What is the hundreds digit of f(v)?
1
Let d = -1943 - -3957. What is the thousands digit of d?
2
Suppose -5*u = 4*s - 0*u + 92, 5*u - 132 = 4*s. Let v be s*(-2)/(-3 - (-28)/4). What is the tens digit of v/42*(0 - -438)?
4
Let j(b) = -3*b**2 + 31*b. Let s be j(10). Suppose 0 = 5*t + 2*c - 12 + 11, -t = -3*c + s. What is the hundreds digit of (211 - -4) + -2 + 3 + t?
2
Let w = 11166 -